(z) = -20*z + 1. Let l be b(-1). Let k = l + -13. List the prime factors of k.
2
Let t be -3 + 2 - (6 - -1). Let v = t + 12. Suppose -3*i + 3*d + 44 = v*d, -5 = 5*d. What are the prime factors of i?
3, 5
Suppose -k = 5*b - 948, 0 = 2*k + 2 + 2. What are the prime factors of b?
2, 5, 19
Let v(l) = 2*l**2 - 29*l - 15. List the prime factors of v(21).
2, 3, 43
Let c be (0 - 1)/(1/(-133)). Suppose 3*b + 10 = c. Suppose b = 2*n + 5*o, -2*n + 15 = 3*n - 5*o. List the prime factors of n.
2
Let j = 7 - 3. Suppose 0 = -j*m + 5*q + 60, -3*q = 5 + 7. What are the prime factors of m?
2, 5
Suppose 764 = 6*m + 50. What are the prime factors of m?
7, 17
Let z be -3 + (1 - 0) - -33. Suppose -2*i + 3*o = 2*i - 23, 3*i - 5*o = z. Suppose 0 = -3*t - i*t + 10. What are the prime factors of t?
2
Let s = -87 - -159. Suppose 2*y = -4*p + s, -3*p + 3*y = -0*p - 72. List the prime factors of p.
2, 5
Let t be (-80)/(-50)*(10 - 0). Let j = t - 11. What are the prime factors of j?
5
Let b(h) = 1 + 7 + 0*h**2 - h**2 + 2*h**2 - 4*h. What are the prime factors of b(8)?
2, 5
Let l(k) = 4*k**3 - 9*k**2 - k - 8. Let y(x) = 11*x**3 - 27*x**2 - 4*x - 25. Let t(s) = -8*l(s) + 3*y(s). List the prime factors of t(10).
7
Suppose 5*n + 198 + 47 = 5*z, 0 = z + 4*n - 59. Suppose 0 = -5*a + 44 + z. Suppose 2*p - a = -l, l - 23 = -3*p - 0. List the prime factors of l.
11
Let t(j) = j + 12. Let w(k) = k. Let u = 3 - 3. Let f be w(u). What are the prime factors of t(f)?
2, 3
Let b(l) = -l**2 - 12*l - 17. List the prime factors of b(-7).
2, 3
Suppose -15 - 45 = -p - 3*y, 5*p - 300 = -4*y. Let b = 42 - p. Let n = b - -27. List the prime factors of n.
3
What are the prime factors of 8/12 - 1/(9/(-1164))?
2, 5, 13
Let j(r) = -11*r - 43. What are the prime factors of j(-19)?
2, 83
Suppose 0 = 5*t - 1451 - 899. What are the prime factors of t/70 - 2/(-7)?
7
Suppose -9 = 3*w + 3*m, -3*w - 2*w - 18 = 4*m. Let x(o) = -o. What are the prime factors of x(w)?
2, 3
Suppose 9 = 4*h + 1. What are the prime factors of h?
2
Suppose -7*o = -2*o - 485. What are the prime factors of o?
97
Let d(b) = -b - 4. Let a be d(-10). Suppose 0 = 3*o - 5*i - 27 - 7, 3*o = -4*i + 70. Suppose 3*m + a - o = 0. List the prime factors of m.
2
Let t = -8 - -5. Let u be (-5 - -2 - t) + 5. Suppose -2*w - 35 = -8*o + 3*o, 50 = u*o + w. List the prime factors of o.
3
Let d(f) = -2*f + 7. Let k(s) = -s**3 - 19*s**2 - 19*s - 26. Let p be k(-18). List the prime factors of d(p).
23
Suppose 27 = 4*n - 7*n. What are the prime factors of (-2 + n/(-6))*-58?
29
Let t(y) = y - 4. Let v be t(4). Suppose 2*s + 3 + 5 = 3*q, v = 4*q - 3*s - 10. Suppose 65 = 5*z - 4*l, -q*z + 7 = -z + 4*l. List the prime factors of z.
3
Suppose 2*k = -q + 6*k + 20, -3*q = k - 21. What are the prime factors of (q/(-6))/((-2)/24)?
2
Let s(b) = 2*b. List the prime factors of s(4).
2
Suppose -d = 4*o - 6, 5*d + 30 = 5*o - 15. Let w(a) = -a**3 + 2*a**2 + 5*a + 2. Let p be w(4). What are the prime factors of p/d*(1 - -2)?
5
Let h(v) = -12*v - 3 + 0 + 4 + v. List the prime factors of h(-2).
23
Let c = -39 + 275. What are the prime factors of c?
2, 59
Let h = -17 + 29. List the prime factors of h.
2, 3
Suppose -n + 0*n = -1. What are the prime factors of 2 + 12 + (n - 3)?
2, 3
Suppose 59 = 5*b - 166. Suppose -f + 0*f = -b. What are the prime factors of f?
3, 5
Let l(n) = -2*n**3 + 5*n**2 + 4*n + 4. List the prime factors of l(-3).
7, 13
Let d = 284 + -66. What are the prime factors of d?
2, 109
Suppose 2*x - 2*m = 60, 0 = -x + 3*m + 48 - 8. Let z(d) = d**3 - 3*d**2 - 2*d + 5. Let n be z(4). Let f = x - n. List the prime factors of f.
2, 3
Suppose a - t + 6*t = 0, -t = a. Suppose v + 6 = -a*v - 3*c, -4*v - 3 = 5*c. Suppose v*h - 5*p = 30, 3*p = 4*h + p - 26. What are the prime factors of h?
5
Let c be (1 + (-39)/(-6))*-4. Let g = 50 + c. List the prime factors of g.
2, 5
Let z = 47 - 0. Let u(a) = a + 11. Let o be u(-8). Suppose -o + z = 4*s. What are the prime factors of s?
11
Let g(q) = 2*q**3 - 1. Let d be g(1). Let t be (0 - 10)/(-3 + d). Suppose t*x - 3*x = -4*w - 2, 4*w + 11 = x. What are the prime factors of x?
3
Let x = -7 - -4. Let s = x + 8. What are the prime factors of s?
5
Let n(v) = v - 2. Let y be n(7). Let w(l) = l**2 - 3*l + 2. What are the prime factors of w(y)?
2, 3
Suppose -u - 35 = -4*o - 7, -o + 10 = -u. Suppose j = 3*n - 4*n + o, -24 = -5*j - 3*n. List the prime factors of j.
3
Suppose -4*p = -5*s + 125, -2*s + 2*p + 72 = 20. What are the prime factors of s?
3, 7
Suppose 0*x - 2*x = 3*m - 69, 0 = -x - 3*m + 39. List the prime factors of (-3)/(x/(-16))*5.
2
Let g = 5 + -4. Let z be (g - 6)*(-2 + 1). Suppose -z*a + 32 = -a. What are the prime factors of a?
2
Let a(r) = -r**2 - 2*r + 11 + r + 2*r. Suppose 0 = -2*o - 0*o. List the prime factors of a(o).
11
What are the prime factors of -5*((21 - 2) + 0)/(-1)?
5, 19
Let p(t) = -3*t - 14. List the prime factors of p(-15).
31
Suppose 3*j - 4*o + 16 = 0, -2*o = j + 2*o. Let p = j + 12. List the prime factors of p.
2
Let f be 1*(2 - 0/(-3)). Suppose 8 = 4*c - f*v + 3*v, c + 4*v = 17. List the prime factors of c - 0 - (-5 - -4).
2
Let y(x) = 1 + 3*x - 5*x - 4 - 1. List the prime factors of y(-3).
2
Let a(c) = 3*c - 9. Let l be a(6). Suppose 4*x - 11 = v, -6*v = -v - 5*x + 10. Suppose 3 = -3*s + 3*b, 0 = -5*s + 2*b + l + v. What are the prime factors of s?
2
Let h be (-1 - -1)/(2 - 0). Let c = -4 + 15. Let u = h + c. What are the prime factors of u?
11
Suppose 5*a + 4*h = a - 12, 5*a - 4*h = -15. Let j = 5 - a. List the prime factors of j.
2
Let r = 49 - 14. Suppose r = 4*n - 49. What are the prime factors of n?
3, 7
Let w = 39 - 27. Suppose -s = 5*t - w, -2*t + 2 = -0*s - s. Let p(i) = -i**3 + 3*i**2 + 2*i. What are the prime factors of p(t)?
2
Let c(y) = -y + 10. Let g(n) = 3*n - 20. Let a(w) = 5*c(w) + 2*g(w). Let o = 0 - 0. What are the prime factors of a(o)?
2, 5
Let f(r) = -r - 2. Let k be f(-4). Suppose 0 = -3*d - 2*v + 22, 2*d + k*v = 13 + 1. Suppose 4*i - 4 = 4*z, 3*i - d - 1 = 0. List the prime factors of z.
2
Let x(s) = -s**3 - s**2 + 4*s. What are the prime factors of x(-4)?
2
Let t(y) be the second derivative of y**5/20 + 3*y**4/4 - y**3/3 + 11*y**2/2 - 2*y. What are the prime factors of t(-9)?
29
Let z(t) = -t**3 + 14*t**2 - 9*t - 1. Let n be z(13). Let l = n - 24. What are the prime factors of l?
3
Let i = -8 + 11. Suppose 0*c - 45 = -i*c. Suppose 30 = 2*p - 6*k + 2*k, -5*k - c = 0. List the prime factors of p.
3
Suppose 5*x - 2*x = 45. List the prime factors of x.
3, 5
Let j = -6 - -11. Suppose 5*o = 4*m - 2, 0*m - 3*m + j*o - 1 = 0. Suppose k - m*z = -4*k + 24, 0 = 4*k + 2*z - 6. List the prime factors of k.
3
Suppose -6*u - 5*n = -3*u - 25, -3*n + 6 = 0. Let y(o) = -o**3 + 4*o**2 + 5*o + 2. What are the prime factors of y(u)?
2
Let o(j) = -j**3 + 7*j**2 + 10*j - 4. Let f be o(7). Suppose 2*h + h + 5*g = f, 0 = h + 3*g - 18. What are the prime factors of h?
3
Suppose 3*h + 3*r - 26 = 4*r, 2*h + r = 24. Suppose -4 = -i + h. List the prime factors of i.
2, 7
Suppose k - 3 = -0. Suppose -4*f - 14 = -78. Suppose k*y = y + f. List the prime factors of y.
2
Let z = -201 + 344. What are the prime factors of z?
11, 13
Suppose 18*r - 2*r = 6800. List the prime factors of r.
5, 17
Suppose 3*c = -1 + 10. Let r = 1 + c. Suppose r*p - 86 + 22 = 0. List the prime factors of p.
2
Let d = -2 - -6. List the prime factors of d.
2
Suppose m = -2*h + 2, 0 = -h - 0*m + 5*m + 1. Suppose i - 12 = -2*s, s + 0 = 3*i - h. What are the prime factors of i?
2
Suppose -3*f + 10*f = 588. What are the prime factors of f?
2, 3, 7
Let c = 104 + -56. What are the prime factors of c?
2, 3
Suppose 34*l - 1218 = 28*l. List the prime factors of l.
7, 29
Suppose 4*y - 4 = 2*y. Suppose 0 = y*n - 3 - 1. Suppose -5*f - 3*x = -48, 2*f - 12 - 8 = -n*x. What are the prime factors of f?
3
Let c = -245 + 449. List the prime factors of c.
2, 3, 17
Let f(q) be the first derivative of q**3/3 + 2*q**2 - 2. List the prime factors of f(-6).
2, 3
Let u = -27 - -44. What are the prime factors of u?
17
Let z(d) = 2*d - 8. Let g be z(9). List the prime factors of ((-12)/g)/((-6)/40).
2
Let y(r) = -r**3 + 10*r**2 - 5*r + 6. What are the prime factors of y(8)?
2, 47
What are the prime factors of (387/(-36))/(3/(-48))?
2, 43
Let g = 1 - -2. Let y